n 7871 is divided by 63.
59
Calculate the remainder when 4824 is divided by 229.
15
What is the remainder when 2639 is divided by 225?
164
Calculate the remainder when 565 is divided by 269.
27
What is the remainder when 67839 is divided by 121?
79
What is the remainder when 340014 is divided by 248?
6
Calculate the remainder when 162501 is divided by 3125.
1
Calculate the remainder when 6145 is divided by 1225.
20
What is the remainder when 2743 is divided by 710?
613
Calculate the remainder when 6476 is divided by 39.
2
Calculate the remainder when 19192 is divided by 28.
12
What is the remainder when 88414 is divided by 235?
54
What is the remainder when 138 is divided by 1?
0
What is the remainder when 17218 is divided by 65?
58
Calculate the remainder when 5151 is divided by 16.
15
Calculate the remainder when 34133 is divided by 488.
461
Calculate the remainder when 14559 is divided by 4408.
1335
What is the remainder when 15096 is divided by 7539?
18
Calculate the remainder when 57203 is divided by 198.
179
Calculate the remainder when 722528 is divided by 32842.
4
Calculate the remainder when 140775 is divided by 4.
3
Calculate the remainder when 1697 is divided by 402.
89
Calculate the remainder when 654434 is divided by 23.
15
What is the remainder when 28481 is divided by 370?
361
Calculate the remainder when 16746 is divided by 121.
48
Calculate the remainder when 14125 is divided by 1565.
40
What is the remainder when 1278 is divided by 106?
6
What is the remainder when 1593 is divided by 468?
189
Calculate the remainder when 19306 is divided by 3860.
6
Calculate the remainder when 18452 is divided by 13.
5
What is the remainder when 41621 is divided by 58?
35
Calculate the remainder when 47842 is divided by 1692.
466
What is the remainder when 9533 is divided by 2381?
9
Calculate the remainder when 1203 is divided by 27.
15
Calculate the remainder when 57436 is divided by 57434.
2
What is the remainder when 1624 is divided by 283?
209
What is the remainder when 630488 is divided by 87?
86
Calculate the remainder when 10055 is divided by 138.
119
What is the remainder when 930 is divided by 280?
90
What is the remainder when 90093 is divided by 214?
213
What is the remainder when 62030 is divided by 4767?
59
What is the remainder when 68839 is divided by 317?
50
What is the remainder when 5511 is divided by 39?
12
What is the remainder when 57899 is divided by 394?
375
Calculate the remainder when 79525 is divided by 42.
19
What is the remainder when 837042 is divided by 18?
6
What is the remainder when 117385 is divided by 12?
1
Calculate the remainder when 1672 is divided by 18.
16
What is the remainder when 1466 is divided by 284?
46
What is the remainder when 1124 is divided by 682?
442
Calculate the remainder when 63887 is divided by 1823.
82
What is the remainder when 22651 is divided by 2831?
3
What is the remainder when 3028 is divided by 10?
8
What is the remainder when 1547 is divided by 221?
0
What is the remainder when 6684184 is divided by 389?
386
What is the remainder when 4045 is divided by 3?
1
Calculate the remainder when 16607 is divided by 15.
2
Calculate the remainder when 1839 is divided by 4.
3
What is the remainder when 9486 is divided by 9198?
288
What is the remainder when 27534 is divided by 1835?
9
What is the remainder when 75381 is divided by 6851?
20
Calculate the remainder when 39818 is divided by 1246.
1192
What is the remainder when 34412 is divided by 358?
44
Calculate the remainder when 49047 is divided by 613.
7
Calculate the remainder when 53866 is divided by 1584.
10
Calculate the remainder when 1958 is divided by 67.
15
Calculate the remainder when 13658 is divided by 4538.
44
Calculate the remainder when 6183 is divided by 215.
163
What is the remainder when 47611 is divided by 23799?
13
What is the remainder when 95003 is divided by 96?
59
Calculate the remainder when 277056 is divided by 7696.
0
What is the remainder when 35412 is divided by 107?
102
What is the remainder when 3232 is divided by 77?
75
What is the remainder when 209 is divided by 128?
81
Calculate the remainder when 10255 is divided by 1453.
84
Calculate the remainder when 36331 is divided by 215.
211
Calculate the remainder when 10367 is divided by 29.
14
Calculate the remainder when 3194 is divided by 896.
506
What is the remainder when 99045 is divided by 6?
3
What is the remainder when 46522 is divided by 151?
14
What is the remainder when 5505 is divided by 302?
69
What is the remainder when 10058 is divided by 5027?
4
What is the remainder when 23075 is divided by 11431?
213
What is the remainder when 973 is divided by 322?
7
Calculate the remainder when 3185 is divided by 1405.
375
What is the remainder when 81426 is divided by 34?
30
Calculate the remainder when 3053112 is divided by 553.
552
What is the remainder when 14596 is divided by 7293?
10
Calculate the remainder when 1145334 is divided by 2835.
2829
What is the remainder when 1156 is divided by 599?
557
Calculate the remainder when 15959 is divided by 70.
69
What is the remainder when 38315 is divided by 243?
164
Calculate the remainder when 8316 is divided by 1379.
42
Calculate the remainder when 17609 is divided by 6.
5
Calculate the remainder when 7659 is divided by 91.
15
What is the remainder when 630056 is divided by 32?
8
Calculate the remainder when 5871 is divided by 4608.
1263
Calculate the remainder when 4443742 is divided by 11.
6
Calculate the remainder when 53291 is divided by 29.
18
Calculate the remainder when 17968 is divided by 41.
10
What is the remainder when 1610 is divided by 2?
0
Calculate the remainder when 7420 is divided by 2041.
1297
What is the remainder when 85398 is divided by 200?
198
What is the remainder when 2834 is divided by 105?
104
Calculate the remainder when 17551 is divided by 84.
79
What is the remainder when 2110 is divided by 320?
190
What is the remainder when 1777 is divided by 219?
25
What is the remainder when 7067852 is divided by 48?
44
Calculate the remainder when 44441 is divided by 37.
4
Calculate the remainder when 7213 is divided by 55.
8
Calculate the remainder when 114 is divided by 24.
18
Calculate the remainder when 9279 is divided by 9241.
38
What is the remainder when 75704 is divided by 1900?
1604
Calculate the remainder when 18464 is divided by 154.
138
What is the remainder when 5278 is divided by 115?
103
What is the remainder when 1997891 is divided by 12?
11
What is the remainder when 59144 is divided by 528?
8
Calculate the remainder when 15091 is divided by 32.
19
Calculate the remainder when 17588 is divided by 3515.
13
Calculate the remainder when 5749 is divided by 49.
16
Calculate the remainder when 2931 is divided by 209.
5
Calculate the remainder when 14327 is divided by 82.
59
What is the remainder when 52051 is divided by 13?
12
Calculate the remainder when 99503 is divided by 9949.
13
Calculate the remainder when 5570 is divided by 7.
5
What is the remainder when 187197 is divided by 20?
17
What is the remainder when 8215 is divided by 7?
4
What is the remainder when 30356 is divided by 184?
180
Calculate the remainder when 26505 is divided by 241.
236
Calculate the remainder when 52853 is divided by 23.
22
What is the remainder when 8437 is divided by 211?
208
What is the remainder when 207308 is divided by 37?
34
What is the remainder when 44098 is divided by 196?
194
What is the remainder when 10143 is divided by 3379?
6
Calculate the remainder when 2332053 is divided by 109.
107
What is the remainder when 1277 is divided by 42?
17
What is the remainder when 54901 is divided by 3050?
1
Calculate the remainder when 1847 is divided by 271.
221
What is the remainder when 5056 is divided by 2400?
256
What is the remainder when 44930 is divided by 44923?
7
Calculate the remainder when 24622 is divided by 2732.
34
Calculate the remainder when 66062 is divided by 462.
458
Calculate the remainder when 123200 is divided by 7246.
18
What is the remainder when 516112 is divided by 481?
480
What is the remainder when 8301 is divided by 56?
13
What is the remainder when 1545 is divided by 1544?
1
Calculate the remainder when 39332 is divided by 27.
20
What is the remainder when 96199